i) = 17*g(i) + 6*x(i). List the prime factors of a(13).
163
Let h(f) = -f**2 + 16*f - 51. Let q be h(14). Let u = q - -29. Suppose -300 = -u*a + 786. What are the prime factors of a?
181
Let o(x) = 2*x**2 - 4*x + 13. Let y be o(4). Suppose t - y + 25 = 0. Suppose t*w - 459 = -5*p, -4*w = 3*p - 142 - 135. What are the prime factors of p?
7, 13
Suppose -4*d = 50*b - 47*b - 95296, 2*b - d = 63516. What are the prime factors of b?
2, 5, 397
Let m(q) = q**2 - 2*q - 26. Let z(f) be the first derivative of -f**3/3 + 9*f**2 + 48*f - 3. Let i be z(21). What are the prime factors of m(i)?
229
Let u = -1695 + 3242. What are the prime factors of u?
7, 13, 17
Suppose -6*h + 595 = -1043. Let c = 12 + h. Suppose 0*g - 3*u = -g + 53, 0 = -5*g + 5*u + c. List the prime factors of g.
59
Let z be (6765/22)/((-1)/(-2)). Let t(g) = g**2 + 2*g - 1. Let v be t(1). Suppose -3*l + 5*y = -347, -v*l + z = 3*l - y. List the prime factors of l.
2, 31
Suppose -6*r = -60202 + 32064 - 35510. What are the prime factors of r?
2, 3, 13, 17
Suppose 0 = -4*n + 52 - 32. Suppose -3*j - n*t + 18 = 0, -t = -4*j + 4*t + 24. Suppose j*m + 116 - 530 = 0. List the prime factors of m.
3, 23
Suppose -5*b + 74234 = -2*y, -3*b - 15*y = -24995 - 19513. What are the prime factors of b?
2, 13, 571
Suppose 5*q + 4584 = -3*m, 12*q - 9*q + 2746 = -4*m. Let d = -246 - q. What are the prime factors of d?
2, 3, 7
Let u = 8 + -5. Let x(w) = -14*w - 23. Let t be x(-2). Suppose 5*z = 6*p - p + 620, t*p + 382 = u*z. What are the prime factors of z?
7, 17
Let v(y) = -4*y + 109. Suppose 0 = -2*q - 9 + 1, 4*q = c - 32. List the prime factors of v(c).
3, 5
Let j(h) = 11717*h - 1294. What are the prime factors of j(2)?
2, 3, 5, 41
Let t = -112 + 112. Suppose 4*g = -t*g + 16. Suppose n = g*q + 160, 5*n - q = -5*q + 920. What are the prime factors of n?
2, 3, 5
Suppose 5*p - 11 - 4 = 0. Let j(v) = 1 + 4*v - 2*v - 3*v + 7*v**p. What are the prime factors of j(1)?
7
Let p(y) = -y**3 - 2*y**2 + 23*y + 8. Let g be p(4). Let s(b) = 59*b**2 - 11*b. List the prime factors of s(g).
2, 3, 5
Suppose 4*h - 3 - 13 = -2*g, 2*h - 8 = -2*g. Let k be g + 11/((-3)/(-3)). Suppose -3*b = -k - 25. List the prime factors of b.
2, 3
List the prime factors of 1318476/99 + (-82)/(-1353).
2, 6659
Let s(u) be the first derivative of u**3/3 + 23*u**2/2 + 86*u - 22. What are the prime factors of s(-26)?
2, 41
Let f = 30 + -4. Let t(y) = -y + 29. Let q be t(f). Suppose 0 = -4*k - q*v - 2*v + 507, -685 = -5*k + 4*v. What are the prime factors of k?
7, 19
Let y = 29 + -27. Suppose 3*s = -3, 5*q = y*s - 692 - 36. Let j = q - -302. List the prime factors of j.
2, 3, 13
Let s(a) = -4*a**2 - 2*a + 1 - 270*a**3 - a + 0*a + a. What are the prime factors of s(-1)?
269
Let s be (8 + 4 + -9)*(-2)/(-6). Let v be s/(3/2 - 21/12). What are the prime factors of (-12)/v*1 + 63?
2, 3, 11
Suppose 4*b - 976 - 1400 = 0. Suppose -106*j - b = -107*j. What are the prime factors of j?
2, 3, 11
Let i = -6216 - -12636. List the prime factors of i.
2, 3, 5, 107
Let w(i) = -11*i**3 - 2*i + 1. Suppose 11 = 3*y - 82. Let q = -33 + y. What are the prime factors of w(q)?
3, 31
Let n = 6942 - 4953. Let q = n + -370. What are the prime factors of q?
1619
Let r be 1/2*(6 - 8) + -4. Let d(w) = w**3 + w**2 + w - 24. Let v be d(r). Let n = -111 - v. List the prime factors of n.
2, 3
Let j(f) = -3*f + 3. Let m be j(2). Let d(r) = -6*r**3 - 4*r**2 + 2*r + 2. List the prime factors of d(m).
2, 61
Suppose 0 = 2*y - 4*y + 2*z + 88, -3*y + z + 142 = 0. Let q = y + -41. Let f(g) = g**3 - 8*g**2 + 4*g - 2. What are the prime factors of f(q)?
2, 3, 5
Suppose 0 = -6*j + 4*j - 434. Let f = j + 331. Let o = f - 7. What are the prime factors of o?
107
Suppose -18036 = -2*a + 2*m, 2*m = -435*a + 433*a + 18048. List the prime factors of a.
3, 31, 97
Let z(d) = d**2 + 6*d + 19. Let j = 55 + -44. List the prime factors of z(j).
2, 103
Suppose -5*q + 3187 = 387. Suppose 10*s + 16*s = 559 + 273. What are the prime factors of 3/(-2) + q/s?
2
Let z = 13337 + -7978. List the prime factors of z.
23, 233
Let j = 246 + -220. Let c(r) = -2*r**2 + 58*r + 47. What are the prime factors of c(j)?
7, 29
Let d be 1 + (10/8)/(10/120). Suppose -i + d*i - 60 = 0. What are the prime factors of 96*i/(64/20)?
2, 3, 5
Let y be (-6 + 3)/((-6)/4). Suppose y*c = -0*c + 4*f + 784, 5*c - 2*f - 1952 = 0. What are the prime factors of c?
2, 3, 5, 13
Suppose 1560 = c - 5*l, 3*c = -489*l + 486*l + 4554. List the prime factors of c.
5, 61
Suppose -183*b + 1766472 = -94*b. What are the prime factors of b?
2, 3, 827
Let g(y) = 15 - 54*y + 29*y + 56 + 54 + 494*y. List the prime factors of g(3).
2, 383
Suppose -5*o - 4*n = -10*o + 31, 5*o + 5 = -5*n. Let b be ((-3)/6)/(3/(-1722)). Suppose 2*y - g = b, g = -5*y + o*g + 715. What are the prime factors of y?
3, 47
Let y = 1786 + 2103. List the prime factors of y.
3889
Let q(p) = p**2 - 6*p + 6. Let x be q(5). Let g be (37 - x)*4/(-8). List the prime factors of (-1085)/(-5)*(g/7)/(-3).
2, 3, 31
Let s be (0/((-10)/(-5)))/(10/5). Let x(z) = 0*z + z**3 - z + 10 + 3. List the prime factors of x(s).
13
Let j(d) = 3*d. Let t be (-3)/(-4) - 34/(-8). Let f be j(t). Suppose 0*s = s - f. What are the prime factors of s?
3, 5
Suppose 120339 = 3*u + 4*r, 160452 = 4*u + 4865*r - 4864*r. What are the prime factors of u?
3, 4457
Let x(q) be the third derivative of -509*q**6/60 + q**5/30 + q**3/6 + 104*q**2. List the prime factors of x(-1).
1021
Suppose -24*c - 415 = -29*c. Suppose 3*i = 3*a - c + 1031, -4*i = -3*a - 1263. List the prime factors of i.
3, 5, 7
Let l = -237 + 365. Let m = l - 82. Let g = m - 31. List the prime factors of g.
3, 5
Let h = 1176 + 32548. What are the prime factors of h?
2, 8431
Let r(z) = -z**3 + z**2 + 4*z - 16. Let o be r(-5). List the prime factors of o/399 + (-3260)/(-7).
2, 233
Let t(i) = i**3 - 28*i**2 + 112*i + 374. What are the prime factors of t(42)?
2, 14887
Let j = -12 + -21. Let a = -35 - j. What are the prime factors of a - (-3 + 5) - -221?
7, 31
Let x = 444 - 437. What are the prime factors of 6 + (-8 - (-1253)/x)?
3, 59
Suppose -6*t = -3*t - 5*f - 1519, -2465 = -5*t - 5*f. Suppose -t = -3*x + 1605. What are the prime factors of x?
701
Let t(x) = 56*x + 56. Let q be t(-6). Let j = 389 + q. What are the prime factors of j?
109
Let p be ((-18)/(-90) - 6/5)*-47. List the prime factors of p/282 + 1133/6 + 0.
3, 7
Let f(c) = -2*c. Let u(h) = 241*h + 17. Let d(t) = -3*f(t) + u(t). What are the prime factors of d(2)?
7, 73
Let s = -11 - -33. Suppose 4*d + 98 = s. Let i = d + 170. List the prime factors of i.
151
Let v(m) = -m**3 + 10*m**2 + 23*m - 14. Let p be v(11). Let s = p + 170. What are the prime factors of s?
2, 3
Suppose 171 = -0*h - 3*h. Let f be (-3 - -1)/(40/(-60)). What are the prime factors of (h/(-6))/(f/(-30)*-1)?
5, 19
Suppose 63957 = 262*o - 20145. What are the prime factors of o?
3, 107
Let o(h) = -h**3 - 11*h**2 + 56*h - 52. List the prime factors of o(-23).
2, 313
Suppose 3*b - 3*p = -8*p + 2440, 4108 = 5*b - 2*p. Let l = b + -131. What are the prime factors of l?
13, 53
Suppose 0 = i + 4*i - 4260. Suppose v = -2, -4*d + 2*v = -0*d - i. What are the prime factors of d?
2, 53
Suppose -8*c + 619 - 147 = 0. Let i = -65 + c. List the prime factors of 219*-1*(5 + i).
3, 73
Let g be (-4)/(-12) - 4/(-6). Let j be (-1 - g)*(0 + -124). Suppose 0 = 3*n - 5*n + j. List the prime factors of n.
2, 31
What are the prime factors of 39696 - (0 - (-3)/(-7 - (-175)/28))?
2, 5, 397
Let g = 221 + -171. Let w = g + 172. List the prime factors of w.
2, 3, 37
Suppose 0*i + 2*i = y + 9, -i = -y - 4. Suppose -6*m - 2*m = -656. Suppose -415 = -i*v - 5*h, -h = 5*v - m - 341. What are the prime factors of v?
5, 17
Let j be -393*1*1/(-3). Suppose 11*h - 952 = 302. Let x = j - h. What are the prime factors of x?
17
Suppose -3375 - 15529 = 4*g. Let y = 6644 + g. What are the prime factors of y?
2, 7, 137
Suppose 52*v - 60*v + 48 = 0. What are the prime factors of (1*55)/(v/12)?
2, 5, 11
Let v = -562 - -152. Let r = -207 - v. List the prime factors of r.
7, 29
Let y = -166 + 180. List the prime factors of ((-8)/(-6))/(y/252).
2, 3
Let h(r) = 20*r**2 + 29*r - 5. List the prime factors of h(4).
431
Suppose 37*n - 488892 = -94*n. What are the prime factors of n?
2, 3, 311
L